7
What is -a3 (base 13) in base 4?
-2011
Convert 306 (base 7) to base 10.
153
13 (base 15) to base 2
10010
-9 (base 11) to base 10
-9
-8 (base 9) to base 14
-8
2 (base 14) to base 7
2
What is 2 (base 9) in base 5?
2
-23 (base 12) to base 3
-1000
Convert 1b (base 12) to base 10.
23
2 (base 3) to base 6
2
What is 6 (base 16) in base 11?
6
Convert 100 (base 2) to base 15.
4
Convert 3 (base 6) to base 5.
3
c (base 13) to base 5
22
194 (base 11) to base 4
3200
Convert -2 (base 13) to base 2.
-10
-1 (base 3) to base 6
-1
Convert 3a (base 15) to base 3.
2001
Convert 331 (base 6) to base 8.
177
What is -2244 (base 5) in base 2?
-101000100
What is -21 (base 12) in base 10?
-25
What is 11 (base 4) in base 16?
5
Convert -4 (base 10) to base 14.
-4
Convert -2 (base 7) to base 12.
-2
What is 11111 (base 2) in base 11?
29
-161 (base 12) to base 11
-188
What is 3 (base 5) in base 8?
3
What is -7 (base 10) in base 8?
-7
Convert 0 (base 16) to base 3.
0
Convert -10 (base 5) to base 15.
-5
-2 (base 9) to base 12
-2
Convert -1001 (base 2) to base 14.
-9
Convert 124 (base 9) to base 8.
147
What is 4 (base 8) in base 16?
4
64 (base 14) to base 11
80
What is -125 (base 6) in base 11?
-49
101 (base 2) to base 16
5
What is -22 (base 3) in base 11?
-8
-3013 (base 4) to base 6
-531
-1001100 (base 2) to base 9
-84
What is -5 (base 7) in base 2?
-101
What is 152 (base 14) in base 11?
224
Convert 1112 (base 5) to base 8.
235
What is 0 (base 2) in base 12?
0
Convert -3 (base 12) to base 13.
-3
Convert -2 (base 5) to base 6.
-2
Convert 5b (base 13) to base 14.
56
What is 6 (base 8) in base 9?
6
2 (base 15) to base 4
2
af (base 16) to base 5
1200
Convert -8 (base 13) to base 5.
-13
Convert 246 (base 7) to base 10.
132
What is -6 (base 16) in base 13?
-6
What is -1 (base 13) in base 3?
-1
What is -10 (base 2) in base 5?
-2
Convert 145 (base 7) to base 9.
101
9 (base 16) to base 8
11
What is 1300 (base 5) in base 2?
11001000
What is 293 (base 11) in base 8?
530
What is 27 (base 12) in base 10?
31
What is -2 (base 13) in base 2?
-10
Convert 9 (base 16) to base 5.
14
What is 3 (base 14) in base 6?
3
0 (base 15) to base 8
0
Convert -2 (base 7) to base 9.
-2
Convert 11 (base 5) to base 9.
6
Convert -144 (base 5) to base 8.
-61
-32 (base 5) to base 14
-13
What is 274 (base 8) in base 16?
bc
Convert -71 (base 9) to base 13.
-4c
What is 52 (base 7) in base 11?
34
Convert 3 (base 11) to base 9.
3
Convert 33 (base 4) to base 2.
1111
Convert 120 (base 13) to base 14.
dd
Convert -12a (base 16) to base 12.
-20a
What is -67 (base 11) in base 5?
-243
-141 (base 5) to base 14
-34
What is 31 (base 5) in base 3?
121
Convert -202 (base 4) to base 3.
-1021
What is 117 (base 8) in base 12?
67
-3 (base 13) to base 14
-3
What is -24 (base 5) in base 16?
-e
What is -1 (base 9) in base 16?
-1
-2 (base 15) to base 14
-2
What is 1 (base 9) in base 13?
1
2 (base 5) to base 16
2
What is -7 (base 14) in base 13?
-7
Convert -ad (base 16) to base 12.
-125
What is a (base 16) in base 2?
1010
What is -2 (base 7) in base 2?
-10
4 (base 5) to base 11
4
1 (base 6) to base 9
1
What is 25 (base 16) in base 11?
34
Convert -2 (base 4) to base 3.
-2
Convert 222 (base 3) to base 12.
22
Convert 2 (base 16) to base 2.
10
1 (base 16) to base 8
1
-10 (base 3) to base 6
-3
Convert -19 (base 12) to base 2.
-10101
135 (base 6) to base 4
323
What is -10111011 (base 2) in base 14?
-d5
Convert 87 (base 9) to base 15.
54
-230 (base 4) to base 6
-112
-12 (base 8) to base 14
-a
Convert 13 (base 5) to base 8.
10
What is 1 (base 8) in base 9?
1
What is -16 (base 8) in base 2?
-1110
What is 2 (base 12) in base 14?
2
Convert 21 (base 3) to base 8.
7
-a (base 16) to base 8
-12
What is 20 (base 7) in base 11?
13
Convert 3 (base 4) to base 16.
3
What is b (base 15) in base 8?
13
-120 (base 3) to base 5
-30
What is 123 (base 4) in base 11?
25
Convert -3 (base 10) to base 2.
-11
Convert -1144 (base 5) to base 9.
-213
Convert -16 (base 11) to base 2.
-10001
-2 (base 16) to base 8
-2
What is 13 (base 12) in base 7?
21
What is -16 (base 15) in base 4?
-111
Convert 6 (base 15) to base 8.
6
What is -11 (base 11) in base 12?
-10
-11 (base 9) to base 13
-a
-24 (base 11) to base 10
-26
11 (base 3) to base 12
4
Convert -4a (base 11) to base 4.
-312
Convert 10100 (base 2) to base 9.
22
-1333 (base 5) to base 7
-431
What is 10 (base 6) in base 15?
6
c (base 13) to base 11
11
What is 106 (base 14) in base 8?
312
203 (base 5) to base 14
3b
What is -554 (base 6) in base 13?
-136
9 (base 10) to base 4
21
-139 (base 16) to base 9
-377
34 (base 12) to base 10
40
5 (base 9) to base 7
5
-4 (base 6) to base 10
-4
5 (base 11) to base 9
5
What is -1200 (base 3) in base 16?
-2d
0 (base 7) to base 14
0
12 (base 5) to base 11
7
What is -121 (base 3) in base 15?
-11
What is 352 (base 7) in base 16?
b8
13 (base 9) to base 8
14
6 (base 10) to base 12
6
2a (base 12) to base 2
100010
4 (base 6) to base 16
4
What is 1 (base 8) in base 12?
1
Convert 12 (base 6) to base 10.
8
What is 3 (base 15) in base 4?
3
2 (base 6) to base 14
2
3 (base 16) to base 15
3
What is b (base 15) in base 3?
102
Convert b (base 14) to base 7.
14
Convert 2 (base 11) to base 16.
2
10 (base 5) to base 12
5
-137 (base 11) to base 12
-115
-2 (base 7) to base 15
-2
Convert -111 (base 8) to base 5.
-243
What is -204 (base 8) in base 13?
-a2
Convert -5 (base 7) to base 15.
-5
What is 11 (base 14) in base 4?
33
Convert b3 (base 14) to base 6.
421
What is 0 (base 14) in base 6?
0
Convert -10110 (base 4) to base 9.
-336
What is -5 (base 15) in base 2?
-101
1 (base 4) to base 6
1
Convert -37 (base 12) to base 13.
-34
-7 (base 16) to base 8
-7
What is -2 (base 8) in base 12?
-2
16 (base 9) to base 15
10
What is 12 (base 13) in base 8?
17
Convert -11 (base 7) to base 6.
-12
101 (base 6) to base 10
37
What is 2 (base 8) in base 14?
2
Convert -12 (base 8) to base 3.
-101
Convert -2122 (base 3) to base 15.
-4b
Convert 0 (base 12) to base 14.
0
-10 (base 2) to base 10
-2
Convert -105 (base 7) to base 2.
-110110
What is 14 (base 8) in base 10?
12
-2 (base 9) to base 16
-2
What is 2 (base 8) in base 11?
2
What is 1200 (base 3) in base 16?
2d
What is -2 (base 9) in base 15?
-2
Convert 0 (base 14) to base 6.
0
101 (base 2) to base 5
10
0 (base 13) to base 7
0
What is 1002 (base 6) in base 8?
332
2 (base 11) to base 2
10
1 (base 12) to base 15
1
-7 (base 10) to base 13
-7
What is -3 (base 12) in base 10?
-3
Convert -31 (base 5) to base 10.
-16
What is -39 (base 16) in base 10?
-57
What is -7 (base 10) in base 16?
-7
Convert -1000010 (base 2) to base 7.
-123
3 (base 13) to base 8
3
Convert -1000 (base 2) to base 7.
-11
Convert 53 (base 16) to base 3.
10002
Convert -3 (base 9) to base 11.
-3
Convert -13 (base 7) to base 2.
-1010
-4 (base 8) to base 9
-4
7 (base 16) to base 13
7
What is -3 (base 15) in base 2?
-11
What is 1a0 (base 16) in base 11?
349
What is 15 (base 10) in base 6?
23
Convert 52 (base 7) to base 5.
122
Convert -6 (base 16) to base 6.
-10
Convert 142 (base 6) to base 10.
62
33 (base 8) to base 3
1000
12 (base 12) to base 10
14
What is 1a (base 16) in base 2?
11010
Convert 1001 (base 2) to base 12.
9
Convert 10112 (base 3) to base 4.
1133
Convert 0 (base 8) to base 3.
0
-10 (base 2) to base 7
-2
Convert 56 (base 7) to base 14.
2d
What is -25 (base 6) in base 13?
-14
Convert -416 (base 7) to base 5.
-1314
Convert 2 (base 6) to base 14.
2
-8 (base 9) to base 6
-12
3 (base 4) to base 16
3
-3232 (base 4) to base 3
-22211
What is -12 (base 4) in base 10?
-6
Convert 35 (base 9) to base 2.
100000
3003 (base 4) to base 15
d0
-2 (base 9) to base 5
-2
50 (base 9) to base 14
33
Convert 1121 (base 3) to base 8.
53
What is b1 (base 13) in base 6?
400
What is 0 (base 11) in base 7?
0
What is -120010 (base 3) in base 5?
-3113
What is -155 (base 11) in base 13?
-10c
Convert 11 (base 2) to base 9.
3
Convert 11101 (base 2) to base 10.
29
11 (base 11) to base 2
1100
What is -11 (base 2) in base 9?
-3
1 (base 6) to base 2
1
-1111010 (base 2) to base 7
-233
10 (base 2) to base 12
2
What is -24 (base 5) in base 14?
-10
-11 (base 4) to base 3
-12
What is -121 (base 8) in base 7?
-144
Convert 3 (base 13) to base 7.
3
What is -7 (base 10) in base 3?
-21
-4a (base 12) to base 13
-46
What is 26 (base 15) in base 10?
36
Conve